 of o(r). What is c(-4)?
5
Let v(j) = -1. Let d(x) = 6*x - 38. Let c(l) = -d(l) + 2*v(l). Let g be c(8). Let t(r) = r**3 + 11*r**2 - 12*r + 2. What is t(g)?
2
Let k be (-2)/((2 + 4)/(-6)). Let z(m) = 3*m**2 + 9*m - 14. Let g(r) = 4*r**2 + 9*r - 15. Let y(f) = k*g(f) - 3*z(f). Give y(-10).
2
Suppose 6 = 53*z - 153. Let f(v) be the first derivative of -11*v**2/2 + v + 9. Give f(z).
-32
Let k(a) = a**3 - 9*a**2 + 5*a + 13. Suppose 0 = -3*q + 3*l + 30, 3*q + l = -3 + 25. Calculate k(q).
-11
Let q(z) = -5399*z**2 + 7*z + 5402*z**2 - z - 8. Determine q(-4).
16
Let i(l) = 6*l**3 + 2*l**2 - 2*l - 1. Let h(r) = r**3 - r**2 + r. Let u(w) = -3*h(w) - i(w). Suppose 0 = -48*x + 60*x - 36. Suppose 4 - 1 = x*q. Give u(q).
-8
Suppose 2 = -5*v - 28. Let o(m) = -17 + 7*m**3 + m - 7*m**2 - 10 + 23 - 8*m**3 - 4*m. Give o(v).
-22
Let g(m) = 2*m + 11 + 3*m - 20 + 11. Let f = 26 + -15. Suppose -3*q + 5*d + f = -10, q + 5*d = -13. Calculate g(q).
12
Let d(a) = -3*a + a**2 - 3 + a**2 - 3 - 3*a**2. Let c = -699 - -694. What is d(c)?
-16
Let v be 3 + 22/1 - -1. Suppose 446*u = 439*u + 140. Let s = v - u. Let y(i) = -i**2 + 6*i + 7. What is y(s)?
7
Let p(y) = -y**2 + 4*y + 13. Let c be p(4). Let w(i) = -17 + c + 7 - 2*i. Let j(s) = -3*s**2 - 28*s + 13. Let h be j(-10). Determine w(h).
17
Let a(d) = -d**2 + 19. Suppose -26 - 7 = -60*x - 513. Calculate a(x).
-45
Let y(r) = -r**3 - 8*r**2 - 5*r + 4. Let p = 211 + 495. Let q = p + -713. Give y(q).
-10
Suppose -5*b + 23 = 3*h - 2*h, -3*h - 3*b = -21. Let q(g) = -22*g**3 - 2*g - 83 + 10*g**h + 84. Determine q(1).
-13
Let f(a) = a**3 + 3*a**2 - 5*a + 5. Let w(v) = 2*v**2 + 27*v - 313. Let r be w(-21). Give f(r).
15
Let j be 2*-6*133/(-76). Suppose -j*v - 20 = -26*v. Suppose -82 = v*h - 78. Let f(l) = 5*l. Determine f(h).
-5
Let b(s) = -2*s**3 - s**2 - s. Let w be b(-1). Let y(m) = -m**3 + 2*m**2 + 0*m**w + 0*m**2. Suppose 64*c - 14 + 12 = 62. Give y(c).
1
Let i(a) be the third derivative of a**5/20 + a**4/24 - 9*a**2. Let k be i(1). Let m(d) be the second derivative of -2*d**3/3 + 2*d**2 + 6*d - 2. Give m(k).
-12
Let k(p) be the first derivative of -p**4/4 + 8*p**2 + 26*p - 1197. What is k(-3)?
5
Let r(v) = -2*v**2 + 10*v + 2. Let d(i) = -13*i + 645. Let w be d(49). Calculate r(w).
-46
Let f(o) = -o + 4. Let a(l) = -l**2 - 9*l + 2. Let j be a(-6). Suppose -30 = -j*z + 30. Calculate f(z).
1
Let a(b) be the first derivative of -b**3/3 - 9*b**2/2 + 1769. Determine a(-5).
20
Let m(a) = 5*a**3 - 3*a**2 + 4*a - 16. Let u(j) = 6*j**3 - 2*j**2 + 3*j - 18. Let t be (-24)/(-8)*15/9. Let q(x) = t*m(x) - 4*u(x). Calculate q(6).
4
Let p(j) = -183*j - 4. Let c(z) = 396*z + 9. Let s(r) = 6*c(r) + 13*p(r). Give s(-2).
8
Let x(q) = q - 13. Let z = 748 - 746. Let l be 6 - ((8 - z) + -6). Determine x(l).
-7
Let b(u) = -u. Let k be ((-2097)/(-6))/(-2 - (-25)/20). Let t = k + 467. What is b(t)?
-1
Suppose 0 = k + 1, 12*w - 14*w - 4*k + 14 = 0. Let n(s) = -11 - s**2 + 2 + 1 - 2 + w*s. Suppose 0 = 5*m + d + 4*d - 20, 5*m + 2*d = 32. Calculate n(m).
-2
Let w(n) be the first derivative of -n**3/3 + 9*n**2/2 - 16*n + 1197. Give w(9).
-16
Let b be ((-187)/22)/(-17)*2*-1. Let d be 2/(1/b*(-7)/(-14)). Let o(f) = f**2 + 2*f - 2. Calculate o(d).
6
Let h(y) = -y**3 - y**2 + 3*y + 4. Suppose -19 = j - i, -5*j + i = -i + 95. Let t be 48/8 + 7/((-14)/(-20)). Let l = j + t. Determine h(l).
13
Let r(u) = -u**2 + 61*u + 1046. Let b be r(75). Let m(t) = -t**3 - 4*t**2 - t - 3. Determine m(b).
1
Let t(d) be the first derivative of -5*d**2/2 + 3*d - 14593. Let p = -2 - 1. Determine t(p).
18
Let v(x) = -594*x + 149*x - 139 + 151*x + 147*x + x**2 + 146*x. Calculate v(12).
-7
Let j(b) = 5*b**2 - 6*b + 14. Suppose -4*s + 14 = 5*d, 5*d + 5*s - 5 = 5. Let q(y) = 11*y**2 - 13*y + 30. Let h(v) = d*q(v) - 13*j(v). Give h(-4).
14
Let r(c) be the first derivative of 1/3*c**3 + 56 + 5/4*c**4 + c - c**2. Give r(1).
5
Let g(o) = 2*o. Let r(b) = -43*b**2 - 2*b**3 + 5*b - 6 + 32 + 34*b**2 + 3*b**3. Let z be r(8). Give g(z).
4
Let y(d) = -d**2 - 23*d - 28. Let a be y(-18). Let k = a + -59. Let j(b) = -7 + b + k + 2. What is j(2)?
0
Let o(v) be the first derivative of -v**5/20 - 7*v**4/12 - 7*v**3/6 - 2*v**2 - 4*v - 2. Let l(w) be the first derivative of o(w). What is l(-5)?
-19
Let y(c) = -38*c**2 - 11*c - 3. Let g(p) = -37*p**2 - 18*p - 4. Let v(z) = -2*g(z) + 3*y(z). Give v(1).
-38
Let z be (25/(-60)*6/(-15))/((-4)/(-120)). Let o(r) = r**3 - 6*r**2 + 6*r + 6. Give o(z).
11
Let a be (1 + 7*2)/((273/(-14))/(-13)). Let h(b) be the first derivative of -b**4/4 + 10*b**3/3 - 5*b + 36. Give h(a).
-5
Let u be 3 + 3 - (4 + -3 + 1). Let c(q) be the third derivative of -1/6*q**3 - 1/12*q**u + 1/60*q**5 + 0*q + 0 + 3*q**2. What is c(4)?
7
Let y(t) = 7*t + 1. Let m(f) = 4*f + 3. Let i(r) = -13*m(r) + 6*y(r). Determine i(-4).
7
Let m(s) = s**3 + s**2 - 3*s - 3. Let q(f) = -16 + f**3 + 13*f**2 + 3 + 3*f**3 - 10*f - 3*f**3. Let v be q(-14). Let u = v + 67. Calculate m(u).
-1
Let l(c) be the second derivative of 1/6*c**3 + 2*c**2 + 21*c + 0. Suppose 5*k = 3*k + 12. What is l(k)?
10
Suppose m - 38 = -m + 4*j, 4*m = -3*j + 87. Suppose -4 = -23*z + m*z. Suppose -2*o - 8 = -z*f, -10 = 4*f - 8*f + 2*o. Let h(y) = y. Determine h(f).
1
Let d(c) = -6*c - 15. Let v(s) = -s**2 - 166*s + 2126. Let g be v(12). What is d(g)?
45
Let n be (-9 + -2)*(-4 + 3). Let j(c) = -2*c - 16 - n + 22 - 2*c**2 - 3*c. Give j(-4).
-17
Let v(r) be the first derivative of r**3/3 + 3*r**2/2 + 12*r + 5866. Give v(-4).
16
Let u be -56*18/(-144) - 1*4. Let p(q) = -2*q**3 + 5*q**2 + 3*q + 6. Give p(u).
6
Let a(b) be the second derivative of -b**3/6 - 3*b**2 - b. Let c be ((-39)/3)/(-3 - -5 - 1). Let z be (-1 - c)*((-19)/(-2))/(-19). What is a(z)?
0
Suppose 75 - 47 = -5*d - 3*l, 0 = 4*l + 24. Let f(o) = -o**3 - 3*o**2 - 2*o + 2. What is f(d)?
2
Let x(d) = -2*d**2 - 8*d + 4. Let c(s) be the second derivative of -s**5/20 - 7*s**4/12 + s**3/3 + 4*s**2 + 4*s. Let k be c(-7). What is x(k)?
-20
Let m(y) be the third derivative of y**6/120 + y**5/6 + 2*y**4/3 - y**3/2 + 1174*y**2. Calculate m(-8).
-3
Let z(u) be the first derivative of -u**3 - 5*u**2 - 5*u + 1098. Calculate z(-4).
-13
Let b(u) = 31*u**3 - u**2 + 2*u. Let c(v) = 92*v**3 + 4*v**2 + 15*v - 1. Let h(l) = 3*b(l) - c(l). Let s be (-1)/3 + 25/3. Give h(s).
-7
Let u(g) = -g + 17. Suppose 2*a = 3*a - 5. Suppose -8*j + a*j = 0. Suppose -3*r - 3*k + 33 = j, -3*k + 19 = 2*r - r. Calculate u(r).
10
Let o(d) = 41*d**3 + d**2 - 1. Let u be o(-1). Let r = u - -44. Let c(w) = -3*w + 4. Determine c(r).
-5
Let l(a) be the third derivative of -a**8/3360 - a**7/2520 + a**5/120 - 10*a**4/3 - 22*a**2 + 1. Let b(n) be the second derivative of l(n). What is b(-1)?
2
Let n(l) be the third derivative of l**5/120 + l**4/6 - 85*l**3/6 - 53*l**2. Let p(i) be the first derivative of n(i). What is p(-8)?
-4
Let d(m) = -2*m**3 + 39*m**2 + 62*m + 20. Suppose -48*q - 37*q - 208 = -1993. Calculate d(q).
-1
Let d(c) be the third derivative of -c**5/20 - 5*c**4/4 + 17*c**3/3 + 21*c**2 + 7. Let v(x) = -x**2 - 10*x + 12. Let i(g) = 3*d(g) - 8*v(g). Give i(-7).
27
Suppose -65 = 36*z - 3*z + 32*z. Let v(y) = 13*y - 1. Give v(z).
-14
Let m(a) = a**3 + 25*a**2 - 56*a - 47. Let i be m(-27). Let p(o) = -20*o + i*o**2 + 44*o - 23*o. Determine p(2).
30
Let j(d) = 9. Let a(g) be the third derivative of g**4/24 - g**3/6 + 92*g**2. Let w(q) = -a(q) + j(q). Determine w(5).
5
Let a(d) be the first derivative of 0*d + 1/4*d**4 + 23 - 4/3*d**3 - 5/2*d**2. Let c be (5/2)/(8/16). Give a(c).
0
Let o(j) = -3*j + 5. Let m(g) = g**3 - 39*g**2 + 29*g - 104. Let n be m(38). Let s = -440 - n. What is o(s)?
-13
Let l(r) be the third derivative of r**5/60 - r**4/6 - 7*r**3/6 - 2*r**2 - 731*r. Let b be 1*8 - (4 + -2). Give l(b).
5
Let l(v) = -v**2 + 2*v + 18. Let a(t) = -2*t**2 - 36*t - 37. Let m be a(-1). Determine l(m).
3
Let u(d) be the first derivative of d**3/3 + 20*d**2 + 262*d - 3276. Calculate u(-8).
6
Let b(t) = t**2 - 5*t - 2. Let s be 44/(-550)*5 - (-37)/5. What is b(s)?
12
Let a(i) = 14*i**2 + 16*i + 29. Let j(f) = -30*f**2 - 34*f - 62. Let v(h) = -13*a(h) - 6*j(h). Determine v(-2).
-5
Let m(v) = -v**3 + 6*v**2 - 4*v. Let h = 15 - 30. Let i = h + 19. Suppose -5*d - 30 = -5*p, -p + i = d - 0*d. Determine m(p).
5
Let n(t) be the